e
Is 12197 composite?
False
Is 20714 a composite number?
True
Is 16495 a composite number?
True
Is 669 a prime number?
False
Is 907771 a composite number?
True
Is 60617 a composite number?
False
Is 115201 a prime number?
True
Is 59351 composite?
False
Is 4717 prime?
False
Is 59609 a prime number?
False
Is 92458 prime?
False
Is 469069 a prime number?
True
Is 381 a prime number?
False
Is 463871 composite?
True
Is 25301 a composite number?
False
Is 20959 a prime number?
True
Is 34399 a composite number?
True
Is 425779 composite?
False
Is 1303199 composite?
False
Is 26099 prime?
True
Is 116741 prime?
True
Is 18787 composite?
False
Is 29663 prime?
True
Is 22735 a prime number?
False
Is 60547 prime?
False
Is 2860259 composite?
False
Is 56941 composite?
False
Is 48869 a prime number?
True
Is 3095 prime?
False
Is 2579 composite?
False
Is 57207 a prime number?
False
Is 215723 prime?
True
Is 23869 composite?
False
Is 17047 composite?
False
Is 8419 a prime number?
True
Is 1373221 prime?
False
Is 10639 composite?
False
Is 42583 prime?
False
Is 258847 a composite number?
False
Is 42863 a prime number?
True
Is 465659 a composite number?
False
Is 71761 a prime number?
True
Is 29157 prime?
False
Is 175103 prime?
True
Is 14503 a prime number?
True
Is 3748414 composite?
True
Is 240983 a prime number?
False
Is 17513 prime?
False
Is 285443 a composite number?
True
Is 1638869 a composite number?
False
Is 3527 prime?
True
Is 177511 a composite number?
False
Is 343913 composite?
False
Is 47015 a prime number?
False
Is 7607 composite?
False
Is 309769 composite?
False
Is 477947 a prime number?
True
Is 170467 composite?
True
Is 1337 a composite number?
True
Is 28838 a prime number?
False
Is 351707 composite?
False
Is 105601 prime?
True
Is 597451 a composite number?
False
Is 12953 a prime number?
True
Is 1511 prime?
True
Is 330901 a composite number?
True
Is 11273 a prime number?
True
Is 472273 composite?
False
Is 2554807 a composite number?
False
Is 751 composite?
False
Is 27374 prime?
False
Is 27211 a composite number?
False
Is 7513 composite?
True
Is 39703 a prime number?
True
Is 66455 prime?
False
Is 48073 a composite number?
False
Is 6599 prime?
True
Is 56063 composite?
True
Is 669577 a composite number?
False
Is 3371 prime?
True
Is 6701 a prime number?
True
Is 61521 composite?
True
Is 558169 composite?
True
Is 9803 a prime number?
True
Is 68947 composite?
False
Is 11957 prime?
False
Is 26149 a prime number?
False
Is 119783 composite?
False
Is 214631 composite?
False
Is 7817 prime?
True
Is 34415 prime?
False
Is 73417 composite?
False
Is 794327 prime?
True
Is 2099 a prime number?
True
Is 274 a composite number?
True
Is 93809 a composite number?
False
Is 869017 prime?
True
Is 134267 a prime number?
False
Is 3103 composite?
True
Is 388051 a prime number?
True
Is 183281 prime?
False
Is 35141 prime?
True
Is 15421 composite?
True
Is 49409 composite?
False
Is 2609 prime?
True
Is 4489 prime?
False
Is 6029 a prime number?
True
Is 8803 prime?
True
Is 5077 a composite number?
False
Is 740573 a composite number?
True
Is 62513 prime?
False
Is 88318 a prime number?
False
Is 3239 a prime number?
False
Is 43009 composite?
True
Is 53195 a prime number?
False
Is 3389 a prime number?
True
Is 231139 prime?
False
Is 3181 prime?
True
Is 4107877 prime?
True
Is 59507 a prime number?
False
Is 38113 a prime number?
True
Is 36247 composite?
True
Is 477197 a prime number?
False
Is 34829 composite?
True
Is 6407 prime?
False
Is 81799 a composite number?
False
Is 81667 a prime number?
True
Is 1990787 prime?
True
Is 2319 composite?
True
Is 1511633 prime?
True
Is 129707 composite?
False
Is 6478231 prime?
False
Is 164471 prime?
True
Is 52435 a prime number?
False
Is 953291 prime?
False
Is 254063 composite?
True
Is 20663 composite?
False
Is 46199 a composite number?
False
Is 7737 a composite number?
True
Is 198743 a composite number?
True
Is 23603 prime?
True
Is 15107 prime?
True
Is 7433 a composite number?
False
Is 9397 composite?
False
Is 5349 a composite number?
True
Is 6599 composite?
False
Is 173335 composite?
True
Is 82549 composite?
False
Is 6541 composite?
True
Is 7393 prime?
True
Is 114527 a prime number?
False
Is 226601 a composite number?
False
Is 26591 prime?
True
Is 33395 a prime number?
False
Is 394523 a composite number?
False
Is 276707 prime?
True
Is 4547 a composite number?
False
Is 424443 prime?
False
Is 131041 composite?
False
Is 801809 prime?
True
Is 18091 composite?
True
Is 142469 prime?
True
Is 56431 composite?
False
Is 1127135 a prime number?
False
Is 1478935 a composite number?
True
Is 1439 prime?
True
Is 563543 a composite number?
False
Is 201397 composite?
True
Is 3037 prime?
True
Is 146567 a composite number?
True
Is 148073 prime?
True
Is 11519 a composite number?
False
Is 139481 composite?
True
Is 3109 prime?
True
Is 6803 a prime number?
True
Is 7949 a composite number?
False
Is 705613 a composite number?
False
Is 14953 composite?
True
Is 267259 a prime number?
True
Is 50581 a composite number?
False
Is 548561 a prime number?
False
Is 89 a composite number?
False
Is 61781 prime?
True
Is 675965 prime?
False
Is 2777 prime?
True
Is 9791 prime?
True
Is 439 composite?
False
Is 19961 prime?
True
Is 1137067 a composite number?
False
Is 7229 prime?
True
Is 1327 composite?
False
Is 10589 composite?
False
Is 28439 a prime number?
True
Is 147097 composite?
False
Is 48299 a composite number?
False
Is 554 a prime number?
False
Is 1040597 composite?
False
Is 714881 a prime number?
True
Is 363589 a prime number?
True
Is 401123 prime?
False
Is 22031 a prime number?
True
Is 734249 prime?
False
Is 8887 prime?
True
Is 22642 composite?
True
Is 1129627 prime?
False
Is 28745 composite?
True
Is 21929 prime?
True
Is 51751 a composite number?
True
Is 78151 a composite number?
True
Is 3937 composite?
True
Is 7039 a composite number?
False
Is 10085 a prime number?
False
Is 50671 a prime number?
True
Is 24051 a prime number?
False
Is 10669 a prime number?
False
Is 42641 prime?
True
Is 275763 prime?
False
Is 13411 prime?
True
Is 110491 prime?
True
Is 245515 a composite number?
True
Is 1198 a composite number?
True
Is 60821 composite?
False
Is 25523 a composite number?
False
Is 14141 a prime number?
False
Is 464209 a prime number?
False
Is 3877 a composite number?
False
Is 4421 a prime number?
True
Is 8369 prime?
True
Is 881851 a composite number?
True
Is 76757 composite?
False
Is 20239 prime?
False
Is 9901 a prime number?
True
Is 628469 a composite number?
True
Is 225341 a prime number?
True
Is 14983 prime?
True
Is 33527 a prime number?
False
Is 275479 a composite number?
True
Is 1791929 composite?
True
Is 18299 composite?
True
Is 45439 a prime number?
True
Is 14519 a composite number?
False
Is 282845 a composite number?
True
Is 442487 a prime number?
True
Is 74567 a composite number?
False
Is 345351 prime?
False
Is 88397 prime?
True
Is 23663 composite?
False
Is 2453 a prime number?
False
Is 9127 a composite number?
False
Is 1543 prime?
True
Is 19757 prime?
False
Is 35023 prime?
True
Is 31793 composite?
False
Is 100839 composite?
True
Is 3882389 a prime number?
False
Is 473 composite?
True
Is 139 a composite number?
False
Is 1319 a composite number?
False
Is 4661 prime?
False
Is 110419 a composite number?
False
Is 5077 a prime number?
True
Is 5347 prime?
True
Is 1160191 prime?
False
Is 191741 a prime number?
False
Is 202093 composite?
True
Is 9357 a prime number?
False
Is 867203 composite?
False
Is 276739 a prime number?
True
Is 240365 prime?
False
Is 13058 prime?
False
Is 124591 a prime number?
False
Is 15031 a prime number?
True
Is 37463 a prime number?
True
Is 23957 composite?
False
Is 3787 a prime number?
False
Is 42587 prime?
False
Is 1799 prime?
False
Is 3883 composite?
True
Is 1457 prime?
False
Is 4353 a composite number?
True
Is 208009 prime?
True
Is 98869 a prime number?
True
Is 142673 prime?
True
Is 52807 prime?
True
Is 28501 composite?
True
Is 102967 a prime number?
True
Is 206589 prime?
False
Is 10579 prime?
False
Is 178067 a composite number?
False
Is 48239 composite?
False
Is 526091 a prime number?
False
Is 114313 a prime number?
False
Is 27457 composite?
False
Is 28169 a prime number?
False
Is 19697 a composite number?
False
Is 122071 a prime number?
False
Is 1128745 a prime numbe